
Let x = 712 + 401. Suppose -9*d = -795 - x. What is the hundreds digit of d?
2
Suppose 4*s - 6923 = -3*f, -5*f = -12*s + 9*s + 5156. What is the tens digit of s?
2
Let o = -33 + 36. Suppose 27 - 3 = v + 5*d, 27 = 4*v - o*d. What is the units digit of v?
9
Let k = -727 - -3713. What is the units digit of k?
6
What is the units digit of 1978/3 - (8/6)/4?
9
Let i(t) be the first derivative of 2*t**3/3 + 6*t**2 - 10*t - 20. What is the tens digit of i(4)?
7
Suppose 12*f = 10*f + 812. What is the tens digit of f?
0
Let g be -3 + 2 + (2 - 1). Suppose -4*n + 3*d + 161 = 4*d, -4*n + 2*d + 146 = g. Suppose 2*w + 37 = 2*x + w, -3*w = -2*x + n. What is the units digit of x?
8
Let t(n) = 2*n**2 - 6*n + 11. Let m be t(4). Suppose -3*z - 5*d + 80 = 0, -z + m + 15 = -2*d. What is the tens digit of z?
3
What is the hundreds digit of 834*-2*26/(-39)?
1
Suppose 7*t + 2*t = 36. Suppose -t*k = 4*n - 220, 2*n + 0*k - 104 = 4*k. What is the units digit of n?
4
Suppose 2*t - 297 = 279. What is the tens digit of t?
8
Let n(c) = 5*c**2 + 2*c + 314. What is the units digit of n(-22)?
0
What is the units digit of (-14)/(-35)*15 - -374?
0
Let d(v) be the first derivative of 5*v**2 + 2*v + 4. What is the units digit of d(5)?
2
Suppose 16*s - 10*s = 3444. What is the hundreds digit of s?
5
What is the thousands digit of ((-13904)/(-12))/(-4)*-6*1?
1
Let l(f) = 31*f**2 - 9*f + 1. What is the units digit of l(-3)?
7
Suppose -17362 = -16*k - 338. What is the tens digit of k?
6
Let x(c) = 8*c - 11. Let q be x(5). Let d = -18 + 43. Let b = d + q. What is the units digit of b?
4
Let s(r) = 2*r - 2. Let j be s(3). Suppose 5*v - q = -5*q - 5, j*q = -2*v - 14. What is the tens digit of 12/4 - (v - 11)?
1
Suppose 3*p + 2*h = h - 62, -p + 2*h = 23. Let o be 28/p*(1 - 4). Suppose 2*r = r + o*m + 42, 4*r + 3*m - 111 = 0. What is the tens digit of r?
3
Let a(u) = -u + 4. Let p be a(0). Suppose -478 = -3*x - p*j, x + 5*j - 82 = 81. What is the tens digit of x?
5
Let w = -18 - -10. Let s be 76/w*2 + -2. Let v = 39 + s. What is the tens digit of v?
1
Suppose -2*n + n + 1562 = 0. Suppose -9*f - 581 = -n. What is the hundreds digit of f?
1
Let k(u) = u**3 - 14*u**2 + 50*u - 36. What is the tens digit of k(15)?
3
Suppose -2*l - 4*c = -4*l + 16, 5*l + 4*c + 16 = 0. Suppose l = 59*w - 54*w - 1305. What is the hundreds digit of w?
2
Let z(m) = -32*m**2 + 170*m**2 - 23 + m + 22. What is the units digit of z(-1)?
6
Suppose 2*i + 4*m - 1354 = 0, -12*i + 15*i - 2058 = 3*m. What is the units digit of i?
3
Let t = -5547 + 8183. What is the tens digit of t?
3
Let z = 269 - -206. Let c = -253 + z. What is the units digit of c?
2
Let g be -5 - -2 - -2 - 0. Let f be 3*6/(-9) + g. What is the tens digit of 0 + (-1)/(f/75)?
2
Let h = -101 - -181. What is the hundreds digit of 306/10*h/24?
1
Suppose -v - 2 = -8. Suppose 4*r + 52 = 5*j, -v*j + 2*j + 17 = 5*r. What is the units digit of j?
8
Let h(d) = 482*d - 20. What is the tens digit of h(3)?
2
Let u(f) = -f**3 - 4*f**2 + 5*f - 5. Let m be u(-5). Let s = 13 + -6. Let q = s + m. What is the units digit of q?
2
Let l(d) = d**2 - 29*d + 72. What is the units digit of l(33)?
4
Let b(p) = -3*p**2 - 21*p + 8. Let v be b(-7). Suppose -162 = v*t - 11*t. What is the units digit of t?
4
Suppose -g - z + 348 = -324, -3333 = -5*g + 4*z. What is the units digit of g?
9
Suppose 4 = -5*p + 19, -5 = -k - 4*p. Let d = 13 + k. Suppose -c - 130 = -d*c. What is the units digit of c?
6
Let y(m) = 2*m**3 - 29*m**2 + 27*m + 45. What is the thousands digit of y(19)?
3
Suppose 19*y - 39809 = -14805. What is the tens digit of y?
1
Let r = -9 - -9. What is the tens digit of (r + 66)/(-4 + 5)?
6
Suppose 15*r = 12*r + 6. Suppose -7*f = -r*f - 2*i - 596, -3*f - 2*i + 348 = 0. What is the tens digit of f?
1
Let v be (-1780)/(-50) + (-2)/(-5). Suppose 0 = x - 1 - 4. Suppose k + 5*j + 0 = 13, 4*j = x*k - v. What is the units digit of k?
8
Suppose 2*z = q - 17, 2*q - 5*z - 6 = 29. Let j(v) = v**3 - 7*v**2 + 3*v + 6. Let g be j(7). Let x = g + q. What is the tens digit of x?
4
Suppose n - 112 - 424 = 0. What is the units digit of n?
6
Let r(m) be the third derivative of -m**6/20 + m**3/6 - 5*m**2. Let s be r(-1). Let z = 5 + s. What is the tens digit of z?
1
Let g = -895 + 1551. Suppose -6*m = 2*m - g. What is the units digit of m?
2
Suppose -1 = 10*c - 11*c. What is the tens digit of (c - 3) + 3 + 36?
3
Let v(o) = 2 - 5*o + 6 + 1 + 6*o. Let u be v(-5). What is the units digit of (u + 0)/(10/55)?
2
Let p(v) = -v**2 + 10*v - 7. Let z = 9 - 0. Let l be p(z). Suppose 4*m = 2*a - 40, -l*a + 2*m + 32 = 6*m. What is the units digit of a?
8
Let c = 69 - -783. What is the units digit of c?
2
Let x = 117 + 285. What is the tens digit of x?
0
Let o(f) = -6*f + 16. What is the hundreds digit of o(-14)?
1
Let r = 668 + -307. What is the units digit of r?
1
What is the units digit of 0 - 7596/(-9)*2?
8
Let c be (-3)/(-4) - 2450/(-40). What is the tens digit of c - (-16)/(2 + -6)?
5
Let p(j) = 6*j + 6. Let d(g) = 11*g + 11. Let r(z) = 3*d(z) - 7*p(z). Let s = 2 + -7. What is the tens digit of r(s)?
3
Let u = 2 - 1. Let r(s) = -s**2 - 9*s + 31. Let w be r(-10). What is the units digit of ((-150)/w)/(u/(-7))?
0
Let a = 13 - 19. What is the units digit of (-4)/a*-3 + 16?
4
Suppose 0 = 5*d - 2*d - 69. Suppose -d = -5*f + 2*t, -3*f + 1 = -0*f + 2*t. What is the units digit of 2/f + 420/18?
4
What is the tens digit of 65715/85 - 2*(-4)/(-68)?
7
Suppose 3*r = -2*h + 4309, 0 = -4*r + 8*h - 12*h + 5740. What is the units digit of r?
9
Suppose -4*q + 3*p + 805 = -8*q, 0 = -4*q + 2*p - 830. Let w = q + 373. What is the tens digit of w?
6
Suppose 0 = 2*v - 5*t - 1104, 4*v = 4*t - 1006 + 3202. What is the tens digit of v?
4
Let a be (24/(-18))/(1/18). Let v = a - -110. What is the units digit of v?
6
Let w be 1 + 18/(-14) + (-2510)/35. Let v = w + 148. What is the tens digit of v?
7
Let s be (-749)/(-35) + (-4)/10. Let z = s + -34. Let v(u) = -2*u - 2. What is the tens digit of v(z)?
2
Suppose w = 3*z - 10, 0*z = -4*z - 5*w - 12. Suppose 0 = -3*y - 3*d + 519, z*y - 406 = -d - 63. What is the units digit of y?
0
What is the units digit of (-5)/(-7) + 1264896/378?
7
Let u = 406 + -326. Let w = 2 + 1. Suppose w*i = -5 + u. What is the units digit of i?
5
Let v = 1339 - 331. What is the thousands digit of v?
1
Let q be -37 - (-16)/4 - -3. What is the units digit of (q/9 + 2)*-45?
0
Let k = -219 + 338. What is the hundreds digit of k?
1
Let k = -132 + 87. Let g be 25/(9 - 4) + -69. Let n = k - g. What is the tens digit of n?
1
Let g(v) = -19*v - 19. Let a = -126 + 112. What is the tens digit of g(a)?
4
Let j be 367/3 - (8/3)/2. Suppose 0 = -12*s + 13*s - j. What is the tens digit of s?
2
Let r(l) = 3*l**3 - 7*l**2 - l. Let m be r(3). What is the tens digit of 874/10 - m/(-25)?
8
What is the units digit of (32/40)/((-13)/(-74100))?
0
Suppose 5*l + 7 = -4*t + t, -5*t = -4*l + 24. Let y be (-17 - t)*(-1 - -2). Let u = -4 - y. What is the units digit of u?
9
Suppose -2*d = -k + 3*k - 460, -3*d + 5*k = -658. What is the hundreds digit of d?
2
Suppose 9*y = 7*y + 16. What is the hundreds digit of (-1)/(33/(-3393)) - y/(-44)?
1
Let a(x) = 2*x**2 + 13*x - 13. Let g be a(-11). Let p = g - 2. Suppose 0 = -r - r - 2*q + p, -5*q = r - 42. What is the units digit of r?
2
Suppose -b + 33 = 31. Suppose b*y - 15 = 5*u, 0 = 4*y - 3*u - 18 - 19. What is the units digit of y?
0
Suppose 325 = 5*k - z - 0*z, 0 = 3*k + z - 195. What is the units digit of k?
5
Suppose -b = -5*g - 3127, 53*g - 3 = 54*g. What is the hundreds digit of b?
1
Let h(x) = -x. Let z be h(0). Suppose 3*o = 2*l + 67, 0*l - 4*l - 8 = z. What is the units digit of o?
1
Let y(s) = s**3 - 3*s**2 - 2*s - 2. Let v be y(4). Let h(f) = f - 11. Let w be h(8). What is the units digit of (-2 - w) + 90/v?
6
Let s = 962 - 422. What is the units digit of s?
0
Let o = 52 + 7. Suppose 2*x + o = 3*x. What is the tens digit of x?
5
Suppose 198 = q - 22. Suppose -k = -6*k + q. What is the units digit of k?
4
Let j = 0 + 4. Let d be (2/j)/((-1)/(-16)). Let p(v) = v**3 - 8*v**2 + 2*v + 4. What is the tens digit of p(d)?
2
Let t be 12 + ((-12)/(-4) - -2) + -2. Suppose 13*i = t*i - 98. What is the tens digit of i?
4
Suppose 3*d = 4*b - 61, 5*b = -0*b - 5*d + 85. Let l = -13 + b. Suppose l*